(g) = 8*g + 54. What is the tens digit of b(4)?
8
Let u be 28/(-36) - -1 - 68/(-18). Suppose x = 17 - u. What is the tens digit of x?
1
Suppose 0 = 3*y + 2*d - 567, 7*y + 2*d = 10*y - 555. What is the units digit of y?
7
Let p = -739 - -2634. What is the hundreds digit of p?
8
Suppose -b - o = -6*b + 1286, -794 = -3*b - 5*o. What is the units digit of b?
8
Let b(u) = u - 25. Let t(o) = -13. Let r(a) = 6*b(a) - 10*t(a). What is the tens digit of r(8)?
2
Let h = -473 + 669. Let j = 14 - 6. What is the units digit of (h/j)/(2/4)?
9
Let o(l) = l**3 - 3*l**2 - 3*l + 4. Let w be o(5). Let m = -25 + w. Suppose 5*d = 4*c - 12, -4*d - m = -4*c - 2. What is the units digit of c?
3
Suppose -15 = 8*q - 5*q. What is the units digit of (-2758)/(-35) - 1/q?
9
Suppose -32*u - 444 = -35*u. Suppose 10*h + u = 8*h. Let r = h + 129. What is the tens digit of r?
5
Suppose 3*n - 3*r - 3891 = 0, -n + 2*r = -933 - 368. What is the thousands digit of n?
1
Suppose y + 38 = 5*g, -y + 3*y = 5*g - 61. Let d(x) = x**2 - 6*x + 6. Let v be d(2). What is the units digit of (y/v)/((-1)/(-2))?
3
Let q(r) = -33*r - 61. What is the tens digit of q(-25)?
6
What is the units digit of (3 - (-56)/(-20))*155?
1
Suppose -43*i + 45*i - 110 = 0. What is the tens digit of i?
5
Suppose 3*u = -5*q - 0*u + 2618, 2*u + 8 = 0. Let k = -365 + q. What is the tens digit of k?
6
Suppose -3*r + u + 31 = 137, 0 = 2*r + 3*u + 78. Let o = r - -126. What is the tens digit of o?
9
Let g(r) = -3*r**3 - 1 + 2*r**3 - r**3 - 3*r**2 + 6*r - 2*r. What is the units digit of g(-4)?
3
What is the hundreds digit of (12/(-5))/((40/5)/(-2480))?
7
Suppose h - v + 1 = 9, 2*h + 3*v - 41 = 0. Suppose -h = i - 59. What is the tens digit of i?
4
Let o = 628 + -1254. Let m be o/(-8) - 8/32. Let k = -51 + m. What is the units digit of k?
7
Suppose j = -2*s + 215, -4*j - 3*s = -847 - 33. What is the hundreds digit of j?
2
Let k = 358 - 187. What is the tens digit of k?
7
Suppose -2*x - 438 = 4*x. What is the units digit of (-3)/((-9)/12*(-4)/x)?
3
Let y(g) = -g**2 - 13*g + 4. Suppose 193 - 46 = 3*d. Suppose -5*z - r - d - 14 = 0, -z - 3*r - 7 = 0. What is the units digit of y(z)?
4
Let c be (-4)/8*2*-5. Suppose 3*v = -0*a + 3*a, v + 30 = -c*a. What is the tens digit of 21 + (3 - (-1 - v))?
2
Suppose -12750 = -0*u - 25*u. What is the units digit of u?
0
Let n(f) = 267*f**2 - 44*f - 135. What is the tens digit of n(-3)?
0
What is the tens digit of 618/10*(7/(-7) + 31)?
5
Let y = -77 - -126. Suppose -2*x = y + 99. Let w = x + 116. What is the tens digit of w?
4
Let r = 86 - 86. Suppose 4*s + 156 - 548 = r. What is the tens digit of s?
9
Suppose 3*q = -0*s + s + 42, 4*s - 14 = -2*q. Suppose -3*v + q*v - 1300 = 0. What is the units digit of v?
0
Let i(v) = 153*v + 424. What is the hundreds digit of i(10)?
9
Suppose -4*w - 51 = -179. Suppose -31*z + w*z - 64 = 0. What is the units digit of z?
4
Let d(g) = g**3 + 5*g**2 + 5*g + 3. Suppose -3*j - 3 = 2*m, -3*m = -0*m - 2*j + 11. Let y be d(m). What is the units digit of y/(-18)*15*-5?
5
Suppose 2*r = 0, 2*b + 5*r = 1759 - 179. What is the tens digit of b?
9
What is the thousands digit of 17/((-459)/(-36)) - 8546/(-3)?
2
Let m = -41 + 73. Suppose 3*x - 4*f + 34 = 0, -2*x - 2*x - m = -2*f. What is the tens digit of 0 + x*(-10)/6?
1
Let m(v) = -6*v - 9. Let y be m(-3). Suppose 0 = -5*x + 5, -w - y = 3*x - 96. What is the units digit of w?
4
Suppose 0 = -5*v + 5*d - d + 11, 0 = -3*v - 2*d + 11. Suppose -v*x - 75 + 555 = 0. What is the tens digit of x?
6
Suppose 1193 = 4*q - 5*h, 7*h = 8*h - 3. What is the tens digit of q?
0
Suppose 2*p - 73*f + 68*f = 697, -3*p + 1023 = -3*f. What is the tens digit of p?
3
Let h(k) = -k**3 + 5*k**2 + 2. Let f be h(5). Suppose -3*j = -f*j - 6. Suppose v - 50 = -j. What is the units digit of v?
4
Suppose 520 = 4*u + 100. Let q = u + -49. Suppose 3*r - 7*r + q = 0. What is the tens digit of r?
1
Let l = 2360 - 439. What is the units digit of l?
1
Let l = 29 - 140. Let w = l - -203. What is the tens digit of w?
9
Let r(v) = v - 6. Let b be r(6). Let g = -1 + 1. Suppose -3*y + j + j + 114 = g, -y - 3*j + 49 = b. What is the tens digit of y?
4
What is the tens digit of ((-866)/(-10) - (-30)/(-50)) + -1?
8
Let t(j) be the first derivative of -j**3/3 + 9*j**2 + 9*j + 10. What is the tens digit of t(16)?
4
Let s = -14 - -23. Suppose -24 = s*g + 3. What is the units digit of (-1)/g + 500/12?
2
Let x(f) = -1 + f**2 + 2 + 2 + 3 + 5*f. Let o be x(-4). Suppose o*i = -u + i + 6, 0 = -5*u + 5*i + 50. What is the units digit of u?
8
Let t(g) be the third derivative of -8*g**2 + 0*g - 1/24*g**4 + 0 + 5/6*g**3. What is the units digit of t(0)?
5
Suppose 4*v = 742 - 46. Let l be (-4)/(-10) - v/10. Let n = l + 42. What is the tens digit of n?
2
What is the tens digit of (-1425)/2*(-8)/10 + -3?
6
Let f(s) = -57*s**3 - s**2 - 2*s - 1. Let i be f(-1). Let j(m) = m**2 + 5*m + 5. Let a be j(-4). Suppose a - i = -4*u. What is the tens digit of u?
1
Let g(h) = 166*h - 2. What is the tens digit of g(3)?
9
Suppose -9*s - 1 + 1 = 0. Suppose 4*p + 2*w - 5 - 1137 = 0, s = 4*p + w - 1141. What is the hundreds digit of p?
2
Let h(k) = -6*k - 41. Let o be h(-9). Suppose 5*f - o = 492. What is the units digit of f?
1
Let x(d) = -d**2 - 8*d + 14. Let f(g) = g - 4. Let l be f(3). Let m(t) = 5*t - 2. Let q be m(l). What is the tens digit of x(q)?
2
Suppose -9*a = -7*a - 14. Suppose 5*f - 18 = 2*z - 131, 5*f + 211 = 4*z. What is the units digit of a/z + 628/14?
5
Let y(w) = w**2 + 3*w + 1610. What is the hundreds digit of y(0)?
6
Let f = 1432 + 1159. What is the tens digit of f?
9
Suppose -3*j = -2*j - 5*x - 574, 4*j - 2186 = -2*x. What is the tens digit of j?
4
Let v be 5 - 7 - (10 + 1). Let a = v + 15. Suppose a*g + 0*g - 36 = 0. What is the units digit of g?
8
Let c = 28 + -23. Suppose -83 = -c*i - 4*u + 95, -5*u + 10 = 0. What is the tens digit of i?
3
Let n be 533/7 + 5/(-35). Suppose -n - 24 = -5*b. Suppose 5*m + b - 190 = 0. What is the tens digit of m?
3
Let u = -357 - -971. What is the tens digit of u?
1
Suppose -8*v - 7750 = -23150. What is the units digit of v?
5
Let w(t) = 246*t**3 + 2*t**2 + 20*t - 35. What is the units digit of w(2)?
1
Suppose 146 = 3*q + 4*c, -3*c = -2*q - 2*c + 79. What is the units digit of q?
2
Let n(i) = 4*i**2 - 118*i - 5. What is the units digit of n(40)?
5
Let k(a) = -a**2 - 2*a - 3. Let c be k(0). What is the units digit of (6 - 4) + (c - -32)?
1
Suppose 2*d = -4*h - 30, 3*h - 10 = 7*d - 2*d. Let p be (-27)/(-5) - 4/10. What is the units digit of 7 - p/(h/3)?
0
Suppose 4*n + 27 = -z - 0*z, 5*z = -n - 21. What is the hundreds digit of 259 + 1/(n + 5)?
2
Let t(z) = 208*z - 1. What is the units digit of t(1)?
7
Suppose -2*h = 4*k - 4*h - 10434, -10 = 2*h. What is the units digit of k?
6
Let a(m) = m**2 + 4*m + 1. Let g be a(-4). Let s(y) = 2*y**2. Let q be s(g). Suppose -36 = -i - q*i. What is the tens digit of i?
1
Let c(g) = g**2 + 3*g - 2. Let p be c(1). Suppose -p*d = 3*d - 210. What is the tens digit of d?
4
Suppose -5*t - 2*b + 2475 = 0, -575 - 910 = -3*t - b. Suppose 0*k + 3*q - t = -5*k, -2*k = 2*q - 194. What is the units digit of k/4 - 6/(-4)?
7
What is the tens digit of ((-4)/3)/(-3 + (-56244)/(-18756))?
4
Suppose 0 = k - h - 1305, -3*k - 36*h + 3910 = -38*h. What is the thousands digit of k?
1
Let f(y) = -93*y - 46. What is the hundreds digit of f(-9)?
7
Suppose 0 = -5*q + 5*z - 5, 0 = -2*q + 3*q + z - 7. Let n(g) = 5*g + 3. What is the tens digit of n(q)?
1
Suppose 0 = 5*s - 15, 4*s + 55 + 293 = 2*d. What is the units digit of (-4)/18 - (-16060)/d?
9
Suppose 0 = y + 4*y + 15, 3*k + 3 = y. Let z be (1 + -1)/(k/2). Suppose 10 = -z*j + 2*j. What is the units digit of j?
5
Let i = -6 - -7. Let n be -1 + 3 - (-1 + i). Suppose 2*j - 4*l + 5 = 33, -n*j - l = -3. What is the units digit of j?
4
Suppose -31*g = 22*g - 89994. What is the hundreds digit of g?
6
Let k = -44 - -46. Suppose -3*t + 630 = k*t. What is the units digit of t?
6
Suppose 100 = 17*d - 12*d. Suppose -h - 16 = 3*h, 0 = 2*k - 4*h - d. What is the tens digit of (7/k)/(9/54)?
2
Suppose -7*t = -14*t + 21. Let n(y) = 64*y - 4. What is the units digit of n(t)?
8
Suppose 0 = w, 5*t + 2*w + w - 245 = 0. Let a = -25 + t. What is the tens digit of a?
2
Let p = -999 + 2528. What is the tho